ens digit of 648?
4
What is the units digit of 973?
3
What is the tens digit of 1912?
1
What is the ten thousands digit of 34863?
3
What is the tens digit of 20438?
3
What is the units digit of 1957?
7
What is the tens digit of 119587?
8
What is the ten thousands digit of 24420?
2
What is the tens digit of 769?
6
What is the units digit of 826?
6
What is the ten thousands digit of 81216?
8
What is the tens digit of 62?
6
What is the units digit of 960?
0
What is the thousands digit of 24611?
4
What is the units digit of 22800?
0
What is the tens digit of 1254?
5
What is the tens digit of 68998?
9
What is the tens digit of 4822?
2
What is the tens digit of 5553?
5
What is the units digit of 3471?
1
What is the thousands digit of 103289?
3
What is the ten thousands digit of 40470?
4
What is the tens digit of 552?
5
What is the hundreds digit of 83161?
1
What is the thousands digit of 3648?
3
What is the tens digit of 1484?
8
What is the units digit of 665?
5
What is the units digit of 4893?
3
What is the tens digit of 6012?
1
What is the hundreds digit of 901?
9
What is the hundreds digit of 364?
3
What is the thousands digit of 5930?
5
What is the units digit of 136873?
3
What is the tens digit of 112775?
7
What is the units digit of 70705?
5
What is the hundreds digit of 379?
3
What is the hundreds digit of 37305?
3
What is the thousands digit of 1318?
1
What is the hundreds digit of 1825?
8
What is the units digit of 147893?
3
What is the tens digit of 5319?
1
What is the thousands digit of 2206?
2
What is the hundreds digit of 422?
4
What is the tens digit of 18183?
8
What is the tens digit of 1400?
0
What is the hundreds digit of 4583?
5
What is the units digit of 1508?
8
What is the tens digit of 1489?
8
What is the tens digit of 37321?
2
What is the thousands digit of 5753?
5
What is the units digit of 4559?
9
What is the hundreds digit of 809?
8
What is the units digit of 63741?
1
What is the tens digit of 40575?
7
What is the tens digit of 33831?
3
What is the ten thousands digit of 44011?
4
What is the thousands digit of 12609?
2
What is the hundreds digit of 3664?
6
What is the tens digit of 69?
6
What is the units digit of 306?
6
What is the hundreds digit of 1028?
0
What is the hundreds digit of 2377?
3
What is the hundreds digit of 662?
6
What is the units digit of 3745?
5
What is the units digit of 16444?
4
What is the units digit of 716?
6
What is the thousands digit of 21763?
1
What is the tens digit of 241?
4
What is the units digit of 1376?
6
What is the units digit of 4098?
8
What is the thousands digit of 4161?
4
What is the thousands digit of 42811?
2
What is the units digit of 20405?
5
What is the hundreds digit of 1068?
0
What is the thousands digit of 13134?
3
What is the thousands digit of 78988?
8
What is the units digit of 75342?
2
What is the hundreds digit of 837?
8
What is the tens digit of 16101?
0
What is the hundreds digit of 4926?
9
What is the hundreds digit of 588?
5
What is the units digit of 634?
4
What is the hundreds digit of 45583?
5
What is the units digit of 10997?
7
What is the units digit of 613?
3
What is the hundreds digit of 189?
1
What is the tens digit of 303?
0
What is the hundreds digit of 5013?
0
What is the ten thousands digit of 27987?
2
What is the tens digit of 1933?
3
What is the tens digit of 409?
0
What is the hundreds digit of 1847?
8
What is the units digit of 616?
6
What is the hundreds digit of 956?
9
What is the tens digit of 4178?
7
What is the ten thousands digit of 95509?
9
What is the ten thousands digit of 40882?
4
What is the tens digit of 18015?
1
What is the units digit of 12914?
4
What is the units digit of 5266?
6
What is the hundreds digit of 561?
5
What is the ten thousands digit of 12900?
1
What is the units digit of 73335?
5
What is the thousands digit of 2172?
2
What is the hundreds digit of 30302?
3
What is the tens digit of 4847?
4
What is the hundreds digit of 853?
8
What is the tens digit of 25557?
5
What is the units digit of 89857?
7
What is the hundreds digit of 5926?
9
What is the tens digit of 34134?
3
What is the hundreds digit of 5477?
4
What is the units digit of 7021?
1
What is the thousands digit of 1814?
1
What is the hundreds digit of 27962?
9
What is the hundreds digit of 57370?
3
What is the units digit of 48404?
4
What is the thousands digit of 1437?
1
What is the hundreds digit of 148?
1
What is the tens digit of 2744?
4
What is the hundreds digit of 445?
4
What is the tens digit of 12715?
1
What is the thousands digit of 5710?
5
What is the units digit of 412?
2
What is the ten thousands digit of 25374?
2
What is the units digit of 7239?
9
What is the thousands digit of 15767?
5
What is the hundreds digit of 702?
7
What is the ten thousands digit of 77995?
7
What is the hundreds digit of 67929?
9
What is the units digit of 1714?
4
What is the units digit of 4043?
3
What is the units digit of 5421?
1
What is the hundreds digit of 22582?
5
What is the units digit of 5118?
8
What is the tens digit of 453?
5
What is the hundreds digit of 67402?
4
What is the thousands digit of 28339?
8
What is the ten thousands digit of 20555?
2
What is the hundreds digit of 1378?
3
What is the tens digit of 84640?
4
What is the units digit of 7959?
9
What is the tens digit of 3794?
9
What is the ten thousands digit of 31370?
3
What is the thousands digit of 81317?
1
What is the ten thousands digit of 23326?
2
What is the ten thousands digit of 137087?
3
What is the thousands digit of 8765?
8
What is the units digit of 843?
3
What is the tens digit of 595?
9
What is the hundreds digit of 5102?
1
What is the thousands digit of 18401?
8
What is the tens digit of 51001?
0
What is the tens digit of 599?
9
What is the hundreds digit of 11012?
0
What is the tens digit of 1523?
2
What is the tens digit of 148?
4
What is the hundreds digit of 5431?
4
What is the tens digit of 55889?
8
What is the units digit of 3484?
4
What is the hundreds digit of 39289?
2
What is the tens digit of 177?
7
What is the tens digit of 22467?
6
What is the thousands digit of 6513?
6
What is the hundreds digit of 1863?
8
What is the units digit of 1784?
4
What is the thousands digit of 45617?
5
What is the hundreds digit of 1233?
2
What is the tens digit of 119374?
7
What is the hundreds digit of 2017?
0
What is the units digit of 29763?
3
What is the hundreds digit of 47487?
4
What is the tens digit of 18374?
7
What is the thousands digit of 56441?
6
What is the thousands digit of 17498?
7
What is the thousands digit of 70615?
0
What is the units digit of 2209?
9
What is the tens digit of 3994?
9
What is the units digit of 12018?
8
What is the hundreds digit of 8638?
6
What is the ten thousands digit of 15702?
1
What is the hundreds digit of 154964?
9
What is the hundreds digit of 229?
2
What is the thousands digit of 3620?
3
What is the thousands digit of 4206?
4
What is the units digit of 37?
7
What is the thousands digit of 60120?
0
What is the tens digit of 8016?
1
What is the hundreds digit of 5919?
9
What is the ten thousands digit of 19871?
1
What is the tens digit of 705?
0
What is the units digit of 353?
3
What is the thousands digit of 31542?
1
What is the tens digit of 1066?
6
What is the hundreds digit of 1167?
1
What is the thousands digit of 4369?
4
What is the hundreds digit of 1346?
3
What is the tens digit of 8906?
0
What is the tens digit of 28330?
3
What is the tens digit of 378?
7
What is the thousands digit of 65863?
5
What is the tens digit of 15611?
1
What is the tens digit of 489?
8
What is the ten thousands digit of 98674?
9
What is the hundreds digit of 88021?
0
What is the units digit of 16071?
1
What is the units digit of 81365?
5
What is the hundreds digit of 30514?
5
What is the hundreds digit of 67261?
2
What is the units digit of 16825?
5
What is the hundreds digit of 4504?
5
What is the thousands digit of 5613?
5
What is the hundreds digit of 2600?
6
What is the units digit of 887?
7
What is the tens digit of 671?
7
What is the hundreds digit of 40776?
7
What is the thousands digit of 2250?
2
What is the thousands digit of 7862?
7
What is the ten thousands digit of 33901?
3
What is the thousands digit of 1638?
1
What is the units digit of 668?
8
What is the